 + 7392, -5*g - 1060 = -w + 1424. What are the prime factors of w?
3, 823
List the prime factors of ((-116)/(-6))/((-13)/(-50310)*15).
2, 29, 43
Let o(m) = 5*m**2 + 12*m - 223. What are the prime factors of o(8)?
193
Suppose -1 = -3*k + 5*g, -4*k - 3*g - 2*g + 13 = 0. Suppose 5*i - 1349 = -4*o, k*i = -5*o + 747 - 204. What are the prime factors of i?
269
Let h(w) = 2*w**2 - 2*w. Let c(i) = -i**3. Let f be c(2). Let j be 1/(f/(-6) - 1). What are the prime factors of h(j)?
2, 3
Let f = -2 + 15. Suppose 17*u = f*u + 132. What are the prime factors of u?
3, 11
Let h(y) = 5*y - 24. Let p be h(5). What are the prime factors of ((-1287)/18)/(p/(-2))?
11, 13
Let p = -13 + 48. Let s = 23 - -36. Let h = s - p. List the prime factors of h.
2, 3
Let p = 8 - 19. Let s = p + 15. Suppose 5*x - 67 = -s*d, 3*d + 4*x + 94 = 8*d. List the prime factors of d.
2, 3
Suppose -5942 = -13*u + 6226. List the prime factors of u.
2, 3, 13
Let j be (16 + -4)/((-6)/(-3)). Suppose j*t = 2*t + 24. What are the prime factors of t?
2, 3
Suppose 0 = -2*d - 2*y + 2202, -38*d = -40*d - 4*y + 2206. List the prime factors of d.
7, 157
Suppose 0 = -5*p + 4*w + 1850, 5*p - 5*w = 2302 - 452. List the prime factors of p.
2, 5, 37
Let h = 1349 + -690. List the prime factors of h.
659
Suppose 4*j + j = r + 88, -4*j + 4*r = -64. Let l = j + 30. Suppose 0*m = 2*m - l. What are the prime factors of m?
2, 3
Suppose -o + 19 = 4*t, -o - 1 = -t - 0*o. Suppose t*b = -b + 15. Suppose 3*c + b*w = -0*c - 3, -20 = 5*w. What are the prime factors of c?
3
Suppose -2*y + 3 = y, -5 = 4*n - 5*y. Suppose 4*d - 9*d + 10 = n. Suppose 0 = d*u - 53 + 5. List the prime factors of u.
2, 3
Suppose -2*t + 20 = -62. List the prime factors of t.
41
Suppose -m + 3*m = 3*j + 6, 3*m - 2*j = 9. Let c(i) = -5*i - 10 + m - 1. What are the prime factors of c(-11)?
47
Let s(c) = -5*c**2 - 2*c + 1. Let g be ((-1)/(-3))/((-1)/9). Let f be s(g). Let q = -19 - f. List the prime factors of q.
19
Suppose 0 = 3*p - v - 21, -p + 3*v + v + 18 = 0. Suppose -5*t - 31 + p = 0. Let g(s) = s**3 + 6*s**2 - s + 8. What are the prime factors of g(t)?
2, 19
Suppose -5*l + 422 + 426 = p, 5*p - 4*l - 4182 = 0. List the prime factors of 1 + p/8 - (-30)/120.
2, 53
Suppose k = 335 - 36. Suppose -k = -8*c + 1653. List the prime factors of c.
2, 61
Let t(j) = -j + 7. Let i(g) = 2*g - 20. Let m(n) = -6*i(n) - 17*t(n). Let l be (126/27)/(-7) - 20/(-3). List the prime factors of m(l).
31
Let k = -2355 - -3493. List the prime factors of k.
2, 569
Suppose 32*d = 71282 - 26546. What are the prime factors of d?
2, 3, 233
What are the prime factors of 5 + 3733 + 1 + -6*1?
3733
Let l = 253 - 139. Let c = 55 + l. List the prime factors of c.
13
Suppose -i + 2*p = 4*p - 7, 4*p = -5*i + 5. Let n(c) = c**3 + 4*c**2 + 6*c + 5. Let m be n(i). Let y(r) = -10*r + 3. What are the prime factors of y(m)?
43
Suppose -326*p + 339*p - 4277 = 0. List the prime factors of p.
7, 47
Suppose 5*a = -5*n + 1620, n + 3*a = 224 + 98. What are the prime factors of n?
5, 13
Let u = -213 + 299. What are the prime factors of u?
2, 43
Let w be 0/(-9*3/(-9)). Suppose w = -2*a - a. Suppose 119 = 5*q + n, a*q + 5*q = 4*n + 99. What are the prime factors of q?
23
Let m = 352 - -1119. What are the prime factors of m?
1471
Suppose 65*y - 60*y - 9160 = 0. List the prime factors of y.
2, 229
Suppose -6 = -2*v + 12. What are the prime factors of (-6*(-3 + v))/(-1)?
2, 3
List the prime factors of (343816/132)/(2/3) + -7.
2, 3, 5, 13
Let z(t) = t**3 - 4*t**2 + 2*t - 11. Suppose -50 + 8 = -7*y. What are the prime factors of z(y)?
73
Suppose -21*j + 6*j + 2490 = 0. List the prime factors of j.
2, 83
What are the prime factors of ((-4828)/(-16) - -4)*(0 - -4)?
1223
Let b(x) = 60*x**2 + 4*x. Let j be b(14). List the prime factors of j/(-84)*3/(-2).
211
Let v be (10/15)/(1/192). Suppose -3*n - 10 = v. Let q = n - -76. List the prime factors of q.
2, 3, 5
Let i = -12 + 19. Suppose 0 = -3*q + i*q - 740. What are the prime factors of q?
5, 37
Let f = 1217 + 647. What are the prime factors of f?
2, 233
Let k(x) = x**3 + 2*x**2 + x. Let h be k(-4). Let a = h - -189. List the prime factors of a.
3, 17
Let m(r) = 2*r**3 + 6*r**2 + 13*r + 7. Let d be m(-5). Let z = -104 - d. List the prime factors of z.
2, 3
Suppose 3*u + b + 125 = 0, -5*u - 2*b - 205 = 3*b. Let y be (-2)/11 - u/(-11). What are the prime factors of ((-30)/y)/(3/6)?
3, 5
Suppose -58 = 4*h + 5*s - 202, s - 78 = -2*h. What are the prime factors of h?
41
Let o = 2108 + -1434. List the prime factors of o.
2, 337
Let f = 11 - 8. Let h be (544/24)/(2/f). Suppose -2*v = 2, 3*v + h = r + 5. List the prime factors of r.
2, 13
Suppose 4*x + 6839 = 3*m, 3*x - 6 = -12. List the prime factors of m.
3, 11, 23
Suppose 0*y + 9 = y. Let d(h) = h**3 - 7*h**2 - 10*h + 3. What are the prime factors of d(y)?
3, 5
Let m(f) be the third derivative of f**6/120 + f**5/6 - f**4/3 - f**3/2 - 12*f**2. List the prime factors of m(-6).
3, 7
Suppose -23484 = -46*a - 11*a. List the prime factors of a.
2, 103
Let w be 8/(-44) - (-22071)/(-33). Let h = 969 + w. List the prime factors of 6/4*h/18.
5
Suppose -11 = -7*n + 3. What are the prime factors of (-1)/(1/n) + (126 - -7)?
131
Suppose 2*s + 26 = 4*k, -3*k + 24 = -3*s - 0*k. What are the prime factors of 1309/21 + -1 + (-2)/s?
2, 31
Let y be 2/(4 - 6)*-21. Suppose w - y = -2*w. Suppose 0 = w*k - 3*k - 288. List the prime factors of k.
2, 3
Let m = 2043 + -1314. List the prime factors of m.
3
What are the prime factors of 353/(7 + (-91)/14)?
2, 353
Let r = 36 - 36. Suppose 0 = -5*a - 4*f + 379, r*a + 3*f - 383 = -5*a. List the prime factors of a.
79
Let n be ((-2)/(-3))/((-4)/(-84)). Let d be (-26)/91 - 66/n. Let t(p) = -8*p - 4. List the prime factors of t(d).
2, 3
Suppose -599 - 4651 = -6*q. What are the prime factors of q?
5, 7
Let y = 338 + -105. List the prime factors of y.
233
Suppose -2*k + n + 1167 = 0, 5*k - 2*n + 0*n - 2917 = 0. Suppose 5*t + 647 + k = 0. List the prime factors of t/(-10) + 2/5.
5
Let r(k) = 4*k + 2. Let d be r(-2). Let z = -12 + 8. Let s = z - d. List the prime factors of s.
2
Suppose 0 = 8*m - 40 - 8. What are the prime factors of 6208/48 - (-4)/m - 0?
2, 5, 13
Let j(g) = -g**3 + 11*g**2 + 3*g + 5. Let p be j(9). Suppose -x = 2*m - 83, -p = -5*m - 2*x + 4*x. What are the prime factors of m?
2, 5
Let r(i) = -i**2 - 8*i + 8. Let h be r(-6). What are the prime factors of (-4)/h - 232/(-10)?
23
Suppose p = 4*f + 102, 3*f = -2*p + 97 + 118. Suppose 4*h - p - 74 = 0. Suppose 5*x - 175 - h = 0. List the prime factors of x.
2, 11
Suppose -6*x + 2*x = 8. Let c be (3 + x)/(-1)*0. List the prime factors of (c + (-38)/4)*-2.
19
Suppose -119 = -12*p - 335. Let t(c) = c**2 + 8*c - 25. What are the prime factors of t(p)?
5, 31
Let q(x) = x**3 + 3*x**2 + x. Let m be q(-2). Suppose -6*h - j - 8 = -2*h, -2*h + j = -2. List the prime factors of ((-116)/8)/h*m.
29
Suppose -62 = 2*b - 22. Let m(d) = -8*d - 31. What are the prime factors of m(b)?
3, 43
Let p(y) = 4*y + 186. List the prime factors of p(0).
2, 3, 31
Let n(w) = w**2 + 3*w + 2. Let d be n(-3). Suppose -3*f - 1 = d, 5*z - 3*f = -7. What are the prime factors of 186/5 - z/(-10)?
37
Let p = 18 - 18. Suppose p = -l - 0*l + 119. List the prime factors of l.
7, 17
Suppose 20 - 2 = m. Suppose -26 - m = -2*f. Let c = f + 3. List the prime factors of c.
5
Let j(u) = 47*u**2 + 21*u + 61. What are the prime factors of j(-4)?
3
Let d = 28 - 11. Let n be (-1 - -2)*(-35)/7. Let v = d + n. What are the prime factors of v?
2, 3
Let q(f) = 23*f**2 + 5*f - 3. Let n be q(-4). Suppose -4*u + 3*d - 69 = -n, -5*u + 4*d + 344 = 0. List the prime factors of u.
2, 3
Suppose 18*o = -7*o + 1150. What are the prime factors of o?
2, 23
Let z = 15 - 19. Let f be 1 + (4 - 7 - z). What are the prime factors of (-7)/f*(-320)/20?
2, 7
Suppose 4*i - 373 = 267. Let m = i - 104. List the prime factors of m.
2, 7
Let g be 3/(54/15 - 3). Let h be ((-2)/5)/((-1)/g). Suppose x + 10 = 2*b - b, 5*b - 78 = -h*x. List the prime factors of b.
2, 7
Suppose 5*q + 1 - 16 = 0. Suppose 217 - 13 = q*i. List the prime factors of i.
2, 17
Let y(w) = w**2 - 6*w + 11. Let h be y(4). Suppose -l - 24 = -h*l. What are the prime factors of l?
2, 3
Let t be 0 + -4 + 4 - 2. Let d be (-1)/t + (-441)/(-14). Supp